{"id":3383,"date":"2018-04-14T17:15:01","date_gmt":"2018-04-14T15:15:01","guid":{"rendered":"http:\/\/haus-gronau.de\/?page_id=3383"},"modified":"2025-12-04T14:45:17","modified_gmt":"2025-12-04T13:45:17","slug":"preise-und-buchung","status":"publish","type":"page","link":"https:\/\/haus-gronau.de\/index.php\/preise-und-buchung\/","title":{"rendered":"Preise und Buchung"},"content":{"rendered":"\n<style type=\"text\/css\" data-created_by=\"avia_inline_auto\" id=\"style-css-av-igdguf-9f43121db9c62735dea6b57f334e151d\">\n.flex_column.av-igdguf-9f43121db9c62735dea6b57f334e151d{\nborder-radius:0px 0px 0px 0px;\npadding:0px 0px 0px 0px;\n}\n<\/style>\n<div  class='flex_column av-igdguf-9f43121db9c62735dea6b57f334e151d av_two_fifth  avia-builder-el-0  el_before_av_three_fifth  avia-builder-el-first  first flex_column_div av-zero-column-padding  '     ><p>\n<style type=\"text\/css\" data-created_by=\"avia_inline_auto\" id=\"style-css-av-i5q0tz-2f9328fd80650447d7fe7cd5e68e4742\">\n#top .av_textblock_section.av-i5q0tz-2f9328fd80650447d7fe7cd5e68e4742 .avia_textblock{\nfont-size:18px;\n}\n<\/style>\n<section  class='av_textblock_section av-i5q0tz-2f9328fd80650447d7fe7cd5e68e4742 '   itemscope=\"itemscope\" itemtype=\"https:\/\/schema.org\/CreativeWork\" ><div class='avia_textblock'  itemprop=\"text\" >\n<style type=\"text\/css\" data-created_by=\"avia_inline_auto\" id=\"style-css-av-fopxlz-3d631c3652356a46e4a0c73994d5ca5a\">\n.av_font_icon.av-fopxlz-3d631c3652356a46e4a0c73994d5ca5a .av-icon-char{\nfont-size:30px;\nline-height:30px;\n}\n<\/style>\n<span  class='av_font_icon av-fopxlz-3d631c3652356a46e4a0c73994d5ca5a avia_animate_when_visible av-icon-style- avia-icon-pos-left avia-iconfont avia-font-entypo-fontello av-no-color avia-icon-animate'><span class='av-icon-char' data-av_icon='\ue81f' data-av_iconfont='entypo-fontello' aria-hidden=\"true\" ><\/span><\/span>\n<p style=\"padding-left: 30px;\"><strong>Zahlungsm\u00f6glichkeiten:<\/strong><\/p>\n<div><\/div>\n<\/div><\/section><br \/>\n\n<style type=\"text\/css\" data-created_by=\"avia_inline_auto\" id=\"style-css-av-e0kid3-c3a9eb0b21d3f8008925cdc7a9cb27d6\">\n#top .avia-icon-list-container.av-e0kid3-c3a9eb0b21d3f8008925cdc7a9cb27d6 .iconlist_icon{\nfont-size:15px;\n}\n#top .avia-icon-list-container.av-e0kid3-c3a9eb0b21d3f8008925cdc7a9cb27d6 .iconlist_icon svg:first-child{\nheight:15px;\nwidth:15px;\n}\n#top #wrap_all .avia-icon-list-container.av-e0kid3-c3a9eb0b21d3f8008925cdc7a9cb27d6 .av_iconlist_title{\nfont-size:15px;\n}\n<\/style>\n<div  class='avia-icon-list-container av-e0kid3-c3a9eb0b21d3f8008925cdc7a9cb27d6  avia-builder-el-3  el_after_av_textblock  avia-builder-el-last '><ul class='avia-icon-list avia_animate_when_almost_visible avia-icon-list-left av-iconlist-small av-e0kid3-c3a9eb0b21d3f8008925cdc7a9cb27d6 avia-iconlist-animate'>\n<li><div class='iconlist_icon av-cqa22v-6b5c35039a09fceb2f1e66ff77390e78 avia-font-entypo-fontello avia-iconfont avia-font-entypo-fontello'><span class='av-icon-char' data-av_icon='\ue812' data-av_iconfont='entypo-fontello' aria-hidden=\"true\"><\/span><\/div><article class=\"article-icon-entry av-iconlist-empty\"  itemscope=\"itemscope\" itemtype=\"https:\/\/schema.org\/CreativeWork\" ><div class=\"iconlist_content_wrap\"><header class=\"entry-content-header\" aria-label=\"Icon: Barzahlung\"><div class='av_iconlist_title iconlist_title_small  '  itemprop=\"headline\" >Barzahlung<\/div><\/header><div class='iconlist_content '  itemprop=\"text\" ><\/div><\/div><footer class=\"entry-footer\"><\/footer><\/article><div class=\"iconlist-timeline\"><\/div><\/li>\n<li><div class='iconlist_icon av-autn8n-8b09c256b95abb0218811f6243bb99f4 avia-font-entypo-fontello avia-iconfont avia-font-entypo-fontello'><span class='av-icon-char' data-av_icon='\ue812' data-av_iconfont='entypo-fontello' aria-hidden=\"true\"><\/span><\/div><article class=\"article-icon-entry av-iconlist-empty\"  itemscope=\"itemscope\" itemtype=\"https:\/\/schema.org\/CreativeWork\" ><div class=\"iconlist_content_wrap\"><header class=\"entry-content-header\" aria-label=\"Icon: Rechnung (auf Anfrage)\"><div class='av_iconlist_title iconlist_title_small  '  itemprop=\"headline\" >Rechnung (auf Anfrage)<\/div><\/header><div class='iconlist_content '  itemprop=\"text\" ><\/div><\/div><footer class=\"entry-footer\"><\/footer><\/article><div class=\"iconlist-timeline\"><\/div><\/li>\n<\/ul><\/div><\/p><\/div>\n<style type=\"text\/css\" data-created_by=\"avia_inline_auto\" id=\"style-css-av-6bdxyv-e70bba7e50c9d13b9cf5a415eb57d96c\">\n.flex_column.av-6bdxyv-e70bba7e50c9d13b9cf5a415eb57d96c{\nborder-radius:0px 0px 0px 0px;\npadding:0px 0px 0px 0px;\nbackground-color:#f76200;\n}\n<\/style>\n<div  class='flex_column av-6bdxyv-e70bba7e50c9d13b9cf5a415eb57d96c av_three_fifth  avia-builder-el-4  el_after_av_two_fifth  el_before_av_textblock  flex_column_div av-zero-column-padding  '     ><\/div><\/p>\n<section  class='av_textblock_section av-34q2kn-36360f8464507a43717f3736e4ccb7d7 '   itemscope=\"itemscope\" itemtype=\"https:\/\/schema.org\/CreativeWork\" ><div class='avia_textblock'  itemprop=\"text\" ><p>Die Barzahlung erfolgt bei Schl\u00fcssel\u00fcbergabe.<\/p>\n<p>Bei Ankunft ist der volle Rechnungsbetrag zu entrichten.<\/p>\n<p>Bei G\u00e4sten aus dem Ausland ist jedoch eine Anzahlung notwendig.<\/p>\n<p>Wir behalten es uns vor gegebenenfalls eine Kaution in H\u00f6he von 100 \u2013 200 Euro hinterlegen zu lassen, die selbstverst\u00e4ndlich bei ordnungsgem\u00e4\u00dfem Verlassen der Wohnung r\u00fcckerstattet wird.<\/p>\n<p>Sie haben noch eine Frage ? Dann schreiben Sie uns doch einfach eine kurze <span style=\"color: #0000ff;\"><a style=\"color: #0000ff;\" href=\"mailto:info@haus-gronau.de\"><strong>Email<\/strong><\/a><\/span><\/p>\n<\/div><\/section>\n","protected":false},"excerpt":{"rendered":"","protected":false},"author":2,"featured_media":0,"parent":0,"menu_order":0,"comment_status":"closed","ping_status":"closed","template":"","meta":{"footnotes":""},"class_list":["post-3383","page","type-page","status-publish","hentry"],"yoast_head":"<!-- This site is optimized with the Yoast SEO plugin v27.1.1 - https:\/\/yoast.com\/product\/yoast-seo-wordpress\/ -->\n<title>Preise und Buchung - Haus Gronau<\/title>\n<meta name=\"robots\" content=\"index, follow, max-snippet:-1, max-image-preview:large, max-video-preview:-1\" \/>\n<link rel=\"canonical\" href=\"https:\/\/haus-gronau.de\/index.php\/preise-und-buchung\/\" \/>\n<meta property=\"og:locale\" content=\"de_DE\" \/>\n<meta property=\"og:type\" content=\"article\" \/>\n<meta property=\"og:title\" content=\"Preise und Buchung - Haus Gronau\" \/>\n<meta property=\"og:url\" content=\"https:\/\/haus-gronau.de\/index.php\/preise-und-buchung\/\" \/>\n<meta property=\"og:site_name\" content=\"Haus Gronau\" \/>\n<meta property=\"article:modified_time\" content=\"2025-12-04T13:45:17+00:00\" \/>\n<meta name=\"twitter:card\" content=\"summary_large_image\" \/>\n<meta name=\"twitter:label1\" content=\"Gesch\u00e4tzte Lesezeit\" \/>\n\t<meta name=\"twitter:data1\" content=\"1\u00a0Minute\" \/>\n<script type=\"application\/ld+json\" class=\"yoast-schema-graph\">{\"@context\":\"https:\/\/schema.org\",\"@graph\":[{\"@type\":\"WebPage\",\"@id\":\"https:\/\/haus-gronau.de\/index.php\/preise-und-buchung\/\",\"url\":\"https:\/\/haus-gronau.de\/index.php\/preise-und-buchung\/\",\"name\":\"Preise und Buchung - Haus Gronau\",\"isPartOf\":{\"@id\":\"https:\/\/haus-gronau.de\/#website\"},\"datePublished\":\"2018-04-14T15:15:01+00:00\",\"dateModified\":\"2025-12-04T13:45:17+00:00\",\"breadcrumb\":{\"@id\":\"https:\/\/haus-gronau.de\/index.php\/preise-und-buchung\/#breadcrumb\"},\"inLanguage\":\"de\",\"potentialAction\":[{\"@type\":\"ReadAction\",\"target\":[\"https:\/\/haus-gronau.de\/index.php\/preise-und-buchung\/\"]}]},{\"@type\":\"BreadcrumbList\",\"@id\":\"https:\/\/haus-gronau.de\/index.php\/preise-und-buchung\/#breadcrumb\",\"itemListElement\":[{\"@type\":\"ListItem\",\"position\":1,\"name\":\"Startseite\",\"item\":\"https:\/\/haus-gronau.de\/index.php\/home\/\"},{\"@type\":\"ListItem\",\"position\":2,\"name\":\"Preise und Buchung\"}]},{\"@type\":\"WebSite\",\"@id\":\"https:\/\/haus-gronau.de\/#website\",\"url\":\"https:\/\/haus-gronau.de\/\",\"name\":\"Haus Gronau\",\"description\":\"Ferienwohnungen in Bergisch Gladbach\",\"potentialAction\":[{\"@type\":\"SearchAction\",\"target\":{\"@type\":\"EntryPoint\",\"urlTemplate\":\"https:\/\/haus-gronau.de\/?s={search_term_string}\"},\"query-input\":{\"@type\":\"PropertyValueSpecification\",\"valueRequired\":true,\"valueName\":\"search_term_string\"}}],\"inLanguage\":\"de\"}]}<\/script>\n<!-- \/ Yoast SEO plugin. -->","yoast_head_json":{"title":"Preise und Buchung - Haus Gronau","robots":{"index":"index","follow":"follow","max-snippet":"max-snippet:-1","max-image-preview":"max-image-preview:large","max-video-preview":"max-video-preview:-1"},"canonical":"https:\/\/haus-gronau.de\/index.php\/preise-und-buchung\/","og_locale":"de_DE","og_type":"article","og_title":"Preise und Buchung - Haus Gronau","og_url":"https:\/\/haus-gronau.de\/index.php\/preise-und-buchung\/","og_site_name":"Haus Gronau","article_modified_time":"2025-12-04T13:45:17+00:00","twitter_card":"summary_large_image","twitter_misc":{"Gesch\u00e4tzte Lesezeit":"1\u00a0Minute"},"schema":{"@context":"https:\/\/schema.org","@graph":[{"@type":"WebPage","@id":"https:\/\/haus-gronau.de\/index.php\/preise-und-buchung\/","url":"https:\/\/haus-gronau.de\/index.php\/preise-und-buchung\/","name":"Preise und Buchung - Haus Gronau","isPartOf":{"@id":"https:\/\/haus-gronau.de\/#website"},"datePublished":"2018-04-14T15:15:01+00:00","dateModified":"2025-12-04T13:45:17+00:00","breadcrumb":{"@id":"https:\/\/haus-gronau.de\/index.php\/preise-und-buchung\/#breadcrumb"},"inLanguage":"de","potentialAction":[{"@type":"ReadAction","target":["https:\/\/haus-gronau.de\/index.php\/preise-und-buchung\/"]}]},{"@type":"BreadcrumbList","@id":"https:\/\/haus-gronau.de\/index.php\/preise-und-buchung\/#breadcrumb","itemListElement":[{"@type":"ListItem","position":1,"name":"Startseite","item":"https:\/\/haus-gronau.de\/index.php\/home\/"},{"@type":"ListItem","position":2,"name":"Preise und Buchung"}]},{"@type":"WebSite","@id":"https:\/\/haus-gronau.de\/#website","url":"https:\/\/haus-gronau.de\/","name":"Haus Gronau","description":"Ferienwohnungen in Bergisch Gladbach","potentialAction":[{"@type":"SearchAction","target":{"@type":"EntryPoint","urlTemplate":"https:\/\/haus-gronau.de\/?s={search_term_string}"},"query-input":{"@type":"PropertyValueSpecification","valueRequired":true,"valueName":"search_term_string"}}],"inLanguage":"de"}]}},"_links":{"self":[{"href":"https:\/\/haus-gronau.de\/index.php\/wp-json\/wp\/v2\/pages\/3383","targetHints":{"allow":["GET"]}}],"collection":[{"href":"https:\/\/haus-gronau.de\/index.php\/wp-json\/wp\/v2\/pages"}],"about":[{"href":"https:\/\/haus-gronau.de\/index.php\/wp-json\/wp\/v2\/types\/page"}],"author":[{"embeddable":true,"href":"https:\/\/haus-gronau.de\/index.php\/wp-json\/wp\/v2\/users\/2"}],"replies":[{"embeddable":true,"href":"https:\/\/haus-gronau.de\/index.php\/wp-json\/wp\/v2\/comments?post=3383"}],"version-history":[{"count":34,"href":"https:\/\/haus-gronau.de\/index.php\/wp-json\/wp\/v2\/pages\/3383\/revisions"}],"predecessor-version":[{"id":3777,"href":"https:\/\/haus-gronau.de\/index.php\/wp-json\/wp\/v2\/pages\/3383\/revisions\/3777"}],"wp:attachment":[{"href":"https:\/\/haus-gronau.de\/index.php\/wp-json\/wp\/v2\/media?parent=3383"}],"curies":[{"name":"wp","href":"https:\/\/api.w.org\/{rel}","templated":true}]}}